r = -26 + 63. Suppose 2*h = 2*n - 30, -3*h = -3*n - 5*h + 70. Calculate the remainder when r is divided by n.
17
Let w be 1/((-9)/(-6))*6. Suppose 2*t + w*f - 46 = t, 2*f = 0. Let y = t + -8. What is the remainder when y is divided by 20?
18
Let b be (-4 + 0)*(-38)/8. Suppose -2*j + 4*w + 121 = b, 0 = -w + 1. What is the remainder when j is divided by 18?
17
Let b = -8 + 13. Suppose -u + 4*u = b*n + 6, 2*n - 2 = -u. Let g = 3 - u. Calculate the remainder when 1 is divided by g.
0
Let y = -8 + 8. Let h = 8 + y. What is the remainder when 30 is divided by h?
6
Suppose 10*x = 5*x + 260. Calculate the remainder when x is divided by 28.
24
Suppose -j = j - 34. Suppose -3 = 2*u - 3*x, 28 = 4*u + 3*x - 11. What is the remainder when j is divided by u?
5
Suppose -3*v + 16 + 32 = 3*r, 4*v - 4*r = 40. Suppose l - 106 = -42. What is the remainder when l is divided by v?
12
Let h = -30 + 49. Let o = -9 - -12. Suppose -2*w - 170 = -3*m + o*w, 0 = 4*w + 4. What is the remainder when m is divided by h?
17
Let i(s) = 5*s + s - 3*s**2 + s**3 - 5*s. Calculate the remainder when 7 is divided by i(3).
1
Suppose -10 - 89 = -r. Calculate the remainder when r is divided by 17.
14
Calculate the remainder when 36 is divided by (6/4)/(3/26).
10
Let j = 73 - 44. Calculate the remainder when 113 is divided by j.
26
Let y = -22 + 55. Suppose -3*h + 18 = 2*p - 2*h, 0 = h. What is the remainder when y is divided by p?
6
Let t be (-3)/(0 - (-3)/6). What is the remainder when 5 is divided by -3*t/(-27)*-6?
1
Suppose -15 = i + 3*z, z - 16 = 5*z. What is the remainder when (-6)/i*(-26)/(-4) is divided by 8?
5
Let c be -1*(-3 - (-6 - -3)). Let v = 9 + -6. Calculate the remainder when -3*(c + 1) - -9 is divided by v.
0
What is the remainder when 100 is divided by (-18)/(-12)*11/(11/18)?
19
Let s be -3*(3 + (-506)/6). What is the remainder when 6/(-3)*s/(-8) is divided by 16?
13
Suppose 16 + 138 = 14*d. What is the remainder when 31 is divided by d?
9
Suppose 0 = -2*i + 6*r - 3*r + 36, -5*r = -5*i + 95. Suppose -4*p - t - t + 244 = 0, 5*p - 4*t = 318. What is the remainder when p is divided by i?
20
Let m be 57/15 - 1/(-5). Suppose -5*g + 140 = w + m*w, 0 = -5*w - 3*g + 132. Let o = w + -1. Calculate the remainder when o is divided by 8.
7
Let o = 76 - 41. What is the remainder when 68 is divided by o?
33
Suppose -k - 23 = -6. Let z = k - -31. Suppose 3*y - 5*y + 82 = 0. Calculate the remainder when y is divided by z.
13
Suppose b = 8*b - 70. What is the remainder when 19 is divided by b?
9
Let n = -42 + 15. Let l = n - -42. What is the remainder when 58 is divided by l?
13
Let g(j) = 48*j**3 + 2*j - 1. Let a be (7/(-7))/(2/(-114)). Let i = -40 + a. Calculate the remainder when g(1) is divided by i.
15
Let k(u) = -u**3 + 11*u**2 - 10*u. Let d be k(10). Suppose d = 2*y - 4, -h = 5*y - 0 - 26. Calculate the remainder when 31 is divided by h.
15
Let s be 4/(-18) - 125/45. Let g = s - -6. Suppose 0*f - 45 = -g*f. Calculate the remainder when f is divided by 8.
7
Let r = -19 + 26. Let o(q) = -6*q - 10. Let s(c) = -c - 1. Let m(x) = 2*o(x) - 10*s(x). Calculate the remainder when r is divided by m(-7).
3
Suppose -3*r + 12 = r. Suppose -h = -2 - r. Suppose 5*m = 52 + 13. Calculate the remainder when m is divided by h.
3
Let i = 4 + -9. Let q = i - -8. Let o = 5 - q. Calculate the remainder when o is divided by 2.
0
Let t(u) = -4*u - 5. Let j be t(-6). Let f = -7 + j. Calculate the remainder when 21 is divided by f.
9
Let n be (1 - 0/(-2))*-44. Let w = -22 - n. Suppose 4*p - 4 = 2*k - 0*p, 5*p - 9 = 2*k. What is the remainder when w is divided by k?
6
Let z(i) = -7*i + 3. Suppose -3*o = q + 7 + 4, 0 = 4*q + o + 55. Calculate the remainder when z(-8) is divided by (-276)/q - 2/(-7).
19
Let b be (24 + -1)/((-5)/5). What is the remainder when 68 is divided by (-1)/(-1)*b/(-1)?
22
Suppose 0 = -5*p + 4*v + 90, -6*v + 2*v - 46 = -3*p. What is the remainder when 39 is divided by p?
17
Let u(j) = j**2 + 10*j - 27. Calculate the remainder when 82 is divided by u(-13).
10
Calculate the remainder when 0 + (-2 - -4) - -21 is divided by 12.
11
Let l = 10 + -7. Let d = 5 + -5. Suppose d = -w + l*w - 2. Calculate the remainder when 3 is divided by w.
0
Let n = 9 + -25. Let f = 22 + n. What is the remainder when (-3)/9 - 62/(-6) is divided by f?
4
Suppose -3*c + 1767 + 1017 = 0. Suppose 0 = -5*p + 2*z + c, -182 = -p + z + 3. Suppose 2*q + q - p = 0. What is the remainder when q is divided by 21?
20
Calculate the remainder when 21*(0 - 2/(-6)) is divided by (-10)/(-2)*12/20.
1
Let r = 97 - 46. What is the remainder when 101 is divided by r?
50
Suppose 7 = 5*s + 22. Let t(d) = -14*d - 4. Let n(p) = p**2 + 4*p - 1. Calculate the remainder when t(s) is divided by n(3).
18
Let t = -12 - -13. Calculate the remainder when 5 is divided by t.
0
Let g = -12 + 16. Suppose g - 1 = n. Calculate the remainder when 11 is divided by n.
2
Suppose 5*d = -4*p + 93, 3*p + 24 = -4*d + 99. Calculate the remainder when 61 is divided by d.
19
Let p = 43 + 53. What is the remainder when p is divided by 33?
30
Suppose 0 = 5*b - 3*b - 30. Suppose 3*x + 6 = g + b, 3*g = 5*x - 11. Calculate the remainder when 8 is divided by x.
0
Let t(i) = 6*i - 6. Let l be t(9). Let z = 73 - l. Let y(f) = -f + 3. What is the remainder when z is divided by y(-6)?
7
Let h(l) = l**2 - 5*l - 3. Let t be 2 - -1 - (-3 - 0). Suppose 5*v = -5*u + 40, 9*v - 4*v + u - 24 = 0. Calculate the remainder when v is divided by h(t).
1
Let v be (-2)/(3 + -1) + 14. Suppose 2 + 1 = 2*n + u, 4*u - 4 = -4*n. Suppose -3 = -n*w + v. What is the remainder when 23 is divided by w?
7
Calculate the remainder when 67 is divided by 3/(-1) - (1 + (-196)/7).
19
Calculate the remainder when 2 + -1 - -1 - -13 is divided by (1/1 + 0)*9.
6
Let a = -2 + 12. Suppose 0 = -2*o + 2*y + y + 17, -5*o + 2*y = -26. What is the remainder when a is divided by o?
2
Let v be 0/(1 + 0/(-1)). Suppose -2 + v = -b. What is the remainder when b is divided by 1?
0
Suppose 0 = -3*n + 72 - 9. Calculate the remainder when 81 is divided by n.
18
Let m = -23 - -52. Let g = -185 + 195. What is the remainder when m is divided by g?
9
Let c(o) = o**2 - o + 2. Let j be c(0). Suppose -j*u - 112 + 29 = -3*t, 0 = 4*t + u - 129. Calculate the remainder when t is divided by 2*(0 + 11/2).
9
Let f(x) = -x**2 + 8*x + 7. Let o be f(9). Calculate the remainder when 2/o - (-3 + -28) is divided by 8.
6
Let o = 101 - 54. Calculate the remainder when o is divided by 24.
23
Suppose -3*m + 53 + 55 = 0. Calculate the remainder when m is divided by 14.
8
Let s(m) = m**3 + 5*m**2 - 3*m + 3. What is the remainder when 54 is divided by s(-3)?
24
Let g(b) = -b + 2. Let q be g(-10). Calculate the remainder when 97 is divided by ((-25)/(-4))/(3/q).
22
Let w = 11 + -19. Calculate the remainder when 4 + -6 - w - 4 is divided by 2.
0
Let q(h) = 3*h**2 + 10*h - 11. Calculate the remainder when 260 is divided by q(-7).
62
Let o(c) = 3*c**2 + 2*c - 7. What is the remainder when 48 is divided by o(3)?
22
Suppose -5*g + 18 = -l, 5*l - 26 = -0*g - 4*g. What is the remainder when 2 is divided by l?
0
Suppose 0*k = -2*k + 26. What is the remainder when 51 is divided by k?
12
Suppose -12*f + 42 = -9*f. What is the remainder when ((-268)/(-2))/(f + -13) is divided by 34?
32
Suppose 2*x = -x + 147. Let l be (-2 - -2)/(1*-2). Suppose l = 3*d - 24 - 27. What is the remainder when x is divided by d?
15
Let s(j) = 2*j**2 + 14*j + 2. Let t be s(-7). Let a = 5 - t. What is the remainder when 4 is divided by a?
1
Suppose 5*x + 34 = d, -2*d = -x - 41 - 18. Calculate the remainder when 78 is divided by d.
20
Let c(k) = -6*k - 3. What is the remainder when c(-7) is divided by 10?
9
Let z(y) = -5*y - 7*y**2 + 1 - 4 + 9*y**2. Suppose 0 = -2*l + 8 + 4. Calculate the remainder when z(4) is divided by l.
3
Suppose 0 = 2*o - 27 + 89. Let h = 8 - o. What is the remainder when h is divided by 14?
11
Let k be (80/25)/(4/10). Let h(w) = 3*w + 4. Let p be h(3). Let b = p - k. What is the remainder when 14 is divided by b?
4
Let n = 23 + 20. Calculate the remainder when 168 is divided by n.
39
Let g(r) = -r**3 + 20*r**2 + 20*r + 37. Calculate the remainder when 126 is divided by g(21).
14
Suppose -3*m + 3 - 6 = 0. What is the remainder when m - 2 - (0 + -18) is div